411 (base 5) in base 15?
71
-35 (base 16) to base 13
-41
What is 211 (base 4) in base 14?
29
What is eb (base 16) in base 5?
1420
210 (base 3) to base 11
1a
What is -23 (base 6) in base 14?
-11
Convert 1 (base 4) to base 15.
1
-41 (base 5) to base 12
-19
What is 9 (base 14) in base 6?
13
-1222 (base 3) to base 15
-38
What is -1 (base 3) in base 4?
-1
Convert -11 (base 6) to base 14.
-7
Convert -11 (base 12) to base 3.
-111
101001 (base 2) to base 12
35
10 (base 4) to base 12
4
Convert -39 (base 11) to base 12.
-36
Convert 20000 (base 3) to base 9.
200
What is -103 (base 4) in base 10?
-19
What is 0 (base 7) in base 15?
0
Convert -5 (base 10) to base 9.
-5
What is -22 (base 9) in base 6?
-32
Convert 1 (base 6) to base 12.
1
0 (base 5) to base 16
0
4 (base 6) to base 8
4
Convert 404 (base 5) to base 15.
6e
What is a (base 12) in base 15?
a
-1332 (base 4) to base 11
-105
Convert -31 (base 9) to base 10.
-28
1 (base 13) to base 2
1
What is -84 (base 15) in base 8?
-174
What is -10 (base 5) in base 15?
-5
What is 5 (base 10) in base 13?
5
What is 37 (base 13) in base 7?
64
What is 30 (base 6) in base 15?
13
What is 44 (base 11) in base 12?
40
What is 6 (base 16) in base 6?
10
What is -20 (base 7) in base 8?
-16
Convert 101011 (base 2) to base 9.
47
Convert 425 (base 7) to base 6.
555
What is -2 (base 6) in base 11?
-2
What is 1 (base 4) in base 5?
1
-11 (base 3) to base 11
-4
Convert 1 (base 2) to base 3.
1
What is -10 (base 3) in base 12?
-3
What is 1231 (base 4) in base 6?
301
Convert -2 (base 16) to base 6.
-2
-122 (base 6) to base 16
-32
What is 23 (base 8) in base 5?
34
What is 2 (base 10) in base 3?
2
Convert 21 (base 7) to base 14.
11
What is 3 (base 15) in base 5?
3
188 (base 13) to base 10
281
Convert 2 (base 14) to base 9.
2
-4 (base 14) to base 6
-4
Convert 7 (base 12) to base 9.
7
What is -21 (base 11) in base 12?
-1b
-12 (base 4) to base 14
-6
What is 23 (base 9) in base 14?
17
1012 (base 3) to base 5
112
Convert -10 (base 6) to base 12.
-6
-111 (base 2) to base 6
-11
What is -156 (base 12) in base 6?
-550
4 (base 11) to base 10
4
Convert 22 (base 14) to base 11.
28
Convert -21 (base 3) to base 13.
-7
Convert 23 (base 9) to base 16.
15
12201 (base 3) to base 13
bb
312 (base 4) to base 11
4a
7 (base 9) to base 14
7
What is 1 (base 9) in base 13?
1
What is 11 (base 6) in base 13?
7
6 (base 8) to base 6
10
4 (base 6) to base 9
4
-1202 (base 4) to base 16
-62
Convert -101000 (base 2) to base 10.
-40
Convert -58 (base 10) to base 2.
-111010
28 (base 10) to base 7
40
Convert 2f (base 16) to base 12.
3b
Convert 0 (base 14) to base 16.
0
What is -1 (base 14) in base 9?
-1
-2 (base 6) to base 15
-2
What is -3 (base 7) in base 12?
-3
What is 6 (base 15) in base 9?
6
Convert 3 (base 7) to base 13.
3
-2 (base 8) to base 16
-2
What is -41 (base 9) in base 4?
-211
Convert -26 (base 8) to base 11.
-20
What is -366 (base 8) in base 10?
-246
-3 (base 4) to base 14
-3
What is 23 (base 14) in base 8?
37
202 (base 4) to base 2
100010
What is -12 (base 5) in base 12?
-7
What is 1 (base 6) in base 10?
1
What is 4 (base 6) in base 5?
4
-5 (base 10) to base 16
-5
Convert 110 (base 13) to base 4.
2312
-1100 (base 2) to base 9
-13
21 (base 3) to base 4
13
5 (base 12) to base 16
5
Convert -1 (base 7) to base 16.
-1
-35 (base 7) to base 12
-22
What is -1 (base 2) in base 10?
-1
-33 (base 8) to base 9
-30
Convert 3 (base 6) to base 7.
3
What is -13 (base 9) in base 14?
-c
Convert 2 (base 7) to base 9.
2
What is 3120 (base 4) in base 5?
1331
Convert 3 (base 7) to base 9.
3
43 (base 8) to base 9
38
-40 (base 5) to base 14
-16
What is -2111 (base 3) in base 5?
-232
What is 15 (base 9) in base 8?
16
80 (base 9) to base 15
4c
Convert 23 (base 14) to base 13.
25
112 (base 3) to base 8
16
Convert -7b (base 12) to base 9.
-115
-80 (base 10) to base 16
-50
65 (base 10) to base 15
45
What is -6c (base 14) in base 10?
-96
What is 122 (base 11) in base 5?
1040
What is 5 (base 11) in base 15?
5
Convert -6 (base 9) to base 6.
-10
What is 29 (base 11) in base 7?
43
-10110111 (base 2) to base 6
-503
Convert -73 (base 8) to base 14.
-43
Convert -120 (base 3) to base 2.
-1111
What is 3 (base 7) in base 16?
3
-11 (base 4) to base 11
-5
Convert 37 (base 9) to base 11.
31
242 (base 5) to base 4
1020
431 (base 6) to base 10
163
Convert 28 (base 13) to base 4.
202
Convert 0 (base 2) to base 5.
0
-400 (base 8) to base 5
-2011
92 (base 16) to base 7
266
What is 2303 (base 4) in base 3?
20122
-7 (base 13) to base 4
-13
1 (base 16) to base 12
1
What is 150 (base 6) in base 11?
60
Convert 4 (base 8) to base 16.
4
What is 10 (base 6) in base 10?
6
Convert -1 (base 15) to base 16.
-1
What is 103 (base 4) in base 6?
31
7 (base 8) to base 12
7
Convert -13 (base 12) to base 11.
-14
Convert 23 (base 6) to base 7.
21
Convert -11001011 (base 2) to base 16.
-cb
Convert -3 (base 16) to base 2.
-11
What is 44 (base 9) in base 13?
31
Convert cd (base 16) to base 13.
12a
-110 (base 2) to base 9
-6
Convert 70 (base 8) to base 13.
44
Convert 46 (base 13) to base 9.
64
5 (base 10) to base 7
5
What is -211 (base 4) in base 10?
-37
What is 1c (base 13) in base 2?
11001
Convert -14 (base 12) to base 3.
-121
Convert -15 (base 6) to base 15.
-b
Convert 3 (base 11) to base 6.
3
100 (base 7) to base 5
144
What is 83 (base 11) in base 10?
91
102 (base 7) to base 12
43
0 (base 8) to base 16
0
Convert 0 (base 13) to base 8.
0
Convert -2031 (base 4) to base 5.
-1031
What is -3 (base 5) in base 13?
-3
2 (base 3) to base 10
2
Convert -2101 (base 3) to base 5.
-224
What is -1 (base 7) in base 14?
-1
What is 13 (base 16) in base 10?
19
1004 (base 5) to base 9
153
177 (base 9) to base 12
107
Convert 0 (base 4) to base 13.
0
What is -4 (base 10) in base 16?
-4
Convert -10 (base 8) to base 9.
-8
4 (base 15) to base 6
4
1 (base 14) to base 11
1
33 (base 7) to base 16
18
-1101101 (base 2) to base 3
-11001
Convert 15 (base 7) to base 11.
11
Convert 87 (base 9) to base 5.
304
5 (base 9) to base 6
5
2 (base 15) to base 5
2
What is -d5 (base 15) in base 10?
-200
What is 3 (base 15) in base 5?
3
-b (base 12) to base 15
-b
Convert -2 (base 8) to base 10.
-2
-4 (base 12) to base 3
-11
Convert -24 (base 14) to base 8.
-40
-20 (base 6) to base 11
-11
What is 3 (base 13) in base 7?
3
Convert 2 (base 14) to base 3.
2
Convert 70 (base 11) to base 7.
140
What is -5 (base 14) in base 16?
-5
5 (base 6) to base 14
5
Convert -2310 (base 5) to base 6.
-1310
Convert 111 (base 2) to base 10.
7
What is -436 (base 8) in base 6?
-1154
-31 (base 7) to base 8
-26
-ba (base 16) to base 13
-114
Convert -1 (base 12) to base 10.
-1
36 (base 15) to base 3
1220
What is -25 (base 14) in base 11?
-30
What is -6 (base 9) in base 2?
-110
Convert 1 (base 10) to base 2.
1
Convert 34 (base 16) to base 14.
3a
What is -109 (base 12) in base 4?
-2121
-322 (base 6) to base 13
-95
Convert -5 (base 8) to base 12.
-5
What is 111 (base 2) in base 10?
7
What is 21 (base 15) in base 11?
29
Convert 10010010 (base 2) to base 4.
2102
Convert 310 (base 5) to base 9.
88
What is 4 (base 5) in base 8?
4
Convert -4 (base 10) to base 11.
-4
-1 (base 8) to base 7
-1
What is 3 (base 10) in base 14?
3
What is -36 (base 7) in base 10?
-27
What is 2 (base 3) in base 11?
2
-3 (base 16) to base 8
-3
Convert -16 (base 7) to base 6.
-21
What is -8 (base 10) in base 2?
-1000
What is -169 (base 15) in base 5?
-2244
What is 3 (base 9) in base 10?
3
What is ba (base 15) in base 14?
c7
29 (base 11) to base 3
1011
Convert 12 (base 13) to base 6.
23
What is -2 (base 5) in base 14?
-2
1012 (base 4) to base 5
240
-3 (base 15) to base 5
-3
100 (base 2) to base 5
4
1a (base 16) to base 15
1b
What is -3b (base 13) in base 7?
-101
What is 2 (base 15) in base 3?
2
Convert -1021 (base 4) to base 15.
-4d
-34 (base 12) to base 16
-28
Convert -8 (base 11) to base 2.
-1000
What is 8 (base 9) in base 5?
13
What is -110 (base 5) in base 11?
-28
1000 (base 4) to base 2
1000000
Convert -325 (base 6) to base 12.
-a5
What is 13 (base 8) in base 14?
b
What is 7 (base 15) in base 13?
7
What is -5 (base 14) in base 3?
-12
What is 1 (base 8) in base 2?
1
What is -b9 (base 16) in base 4?
-2321
What is 1 (base 15) in base 7?
1
Convert 110 (base 3) to base 6.
20
2 (base 10) to base 2
10
Convert 46 (base 12) to base 10